at is the greatest common divisor of 5 and a?
5
Suppose -4*p = -75*p + 1349. Let c = 1552 - 849. What is the highest common divisor of c and p?
19
Suppose -18 = -7*n + 24. Let t be n/(-24) - (-706)/8 - 0. Calculate the greatest common factor of 8 and t.
8
Let f(h) = -26*h**3 - 2*h**2 + 2*h + 3. Let o be f(-1). Suppose -104 = o*s - 3554. Suppose -3*g + g = -46. What is the greatest common divisor of g and s?
23
Let f = 8693 - 8625. Suppose g = -4*g + 20. What is the highest common divisor of f and g?
4
Let q be (-2 + (-69)/(-6))/((-3)/(-18)). Let h(a) = -67*a - 70. Let r be h(-7). What is the greatest common factor of q and r?
57
Let q be (-957)/(-1595) - (-24044)/10. Calculate the highest common factor of q and 26.
13
Let z(o) = 2*o**2 - 17*o + 11. Let u be z(8). Suppose -3*i = 3*r - 0*r - 63, u*r = 5*i + 71. What is the greatest common divisor of r and 77?
11
Suppose -7*z - 592 = -340. Let i be (z/54)/(2/(-120)). Let v(f) = 6*f**3 - f**2 - 3*f + 2. Let r be v(2). Calculate the highest common factor of i and r.
40
Let j(k) = k**3 - 30*k**2 + 33*k + 45. Let u be j(29). What is the greatest common divisor of u and 575?
23
Let q(g) = -g**2 + 5*g - 1. Let t be q(4). Suppose 2*l + 15*l = -17. Let j be l*(-18)/(-1)*8/(-6). What is the highest common factor of j and t?
3
Let f = 14 + -4. Let j(b) = 6*b + 122. Let t(m) = -2*m. Let n(l) = j(l) + 4*t(l). Let a be n(6). What is the greatest common divisor of f and a?
10
Let x = 3496 - 3494. What is the greatest common divisor of 708 and x?
2
Let p = -762 - -830. Let c be 149/(-2)*10*-1. Suppose -9 = -3*s, -4*d - 5*s - 50 = -c. Calculate the greatest common factor of p and d.
34
Let b(m) = 4*m + 106. Let n be b(5). What is the greatest common factor of 8442 and n?
126
Suppose 676 = 550*x - 552*x. Let v = 688 + x. Calculate the greatest common factor of v and 14.
14
Suppose 89*v + 11662 - 2153 = 346*v. Calculate the highest common divisor of 407 and v.
37
Suppose -4*t + 4*l + 84 = 0, t + 142*l = 141*l + 7. Let o = -30 - -121. Calculate the highest common divisor of o and t.
7
Let y(p) = p**3 + 20*p**2 - 17*p + 141. Let g be y(-21). What is the greatest common divisor of g and 3021?
57
Suppose -j = -3*d - 893, -6*j = -j + 3*d - 4429. Suppose 1225 = 12*t - j. Calculate the greatest common divisor of t and 22.
22
Let b(n) = -n**2 - 4*n + 7. Let h be b(-5). Let y be 2/((-3)/2 + h). Suppose -1 = i, 0 = 5*m + 2*i - 53 - 125. Calculate the greatest common divisor of m and y.
4
Suppose 0*m - 2*m = -742. Suppose -44 - m = -5*j. Let l = j - 61. Calculate the greatest common factor of l and 33.
11
Let b = -13557 + 13854. What is the greatest common factor of b and 3510?
27
Let v = 60 + -55. Suppose 22 = c - 2*q, c + 5 = -v*q + 48. Let x(j) = 10*j**3 - 2*j**2 - 2. Let w be x(2). Calculate the highest common divisor of w and c.
14
Suppose -3*l - 533 = 490. Let h = l + 371. Calculate the highest common factor of h and 570.
30
Suppose -45 = -56*g + 47*g. Suppose 5 = -g*r, 3*m - 5*r = -0*r + 173. What is the greatest common factor of 8 and m?
8
Suppose 0 = 3*h + 6*h - 135. Suppose 1080 = h*l - 2610. Calculate the highest common factor of 6 and l.
6
Suppose 3*l - 4*l = -105. Suppose -600 = -11*u + 8*u. Let c = u - l. What is the greatest common factor of c and 38?
19
Let n be (-2 + -7 + 14)*587. Calculate the highest common factor of n and 15.
5
Let t be 75/20*(-3)/(9/(-4)). Let s(d) = 8*d - 9. Let w be s(3). Calculate the highest common factor of w and t.
5
Let x be (648/60)/(1/(-5)). Let j = x + 72. Suppose -376 = -6*a + 3*a + f, 0 = 4*a - 2*f - 500. What is the highest common factor of a and j?
18
Let l(r) = -r**2 - 18*r + 64. Let n be l(-16). Suppose 0 = -b - 3*f + 105, 2*b - 2*f - 290 + n = 0. Calculate the highest common divisor of 18 and b.
9
Let u(j) = -2*j - 1. Let g be u(-3). Let t(a) = a**2 - 270*a - 18246. Let r be t(-56). What is the highest common factor of r and g?
5
Suppose -178*t + 172*t + 30 = 0. Let x(l) = -l**2 + 6*l + 9. Let c be x(4). Let q = c + -12. What is the greatest common factor of t and q?
5
Suppose 130 = 3*k + 3*y - 224, 366 = 3*k + 5*y. Suppose -14 - 210 = -4*q. What is the highest common factor of k and q?
56
Let u = 6383 + -5319. What is the greatest common factor of 112 and u?
56
Let r be 1/(2/5776) - (138 + -136). Suppose -r = 5*b + 909. Let z be b/(-24) + 18/48. What is the greatest common factor of 80 and z?
16
Let l be 2/(-11) + (-23 - 44572/(-242)). Calculate the highest common divisor of l and 7.
7
Let p = 67 + -35. Let o be ((-3)/(-2))/((-10)/(-940)). Let u = o - 61. Calculate the greatest common divisor of p and u.
16
Let p be 9*(8/6 - 1). Let a(b) = 9*b**2 - 4*b + 1. Let d(y) = y**2. Let n(g) = a(g) - 4*d(g). Let k be n(p). What is the greatest common factor of k and 2?
2
Let h be (-9)/(-6)*(-598)/(-39). Suppose -h*q = -22*q - 54. What is the highest common divisor of q and 72?
18
Let y = -13542 - -14615. Calculate the greatest common divisor of 232 and y.
29
Let i(s) = -4*s**2 + 24*s**2 - 10*s + 1 + 2*s**2 + 0 - 5*s**2. Let p be i(-3). Calculate the greatest common factor of p and 23.
23
Let f = 730 - 640. Suppose 11*w = -3*d + 8*w + f, -d + 3*w + 10 = 0. What is the greatest common divisor of d and 15?
5
Let p be 8/(-6)*((88 - 2) + 1). Let c = -102 - p. Suppose 3*z + 24 = 5*z - 5*u, 3*z + 10 = -4*u. What is the highest common divisor of c and z?
2
Suppose 3*x - 8 - 73 = 0. Suppose 0*w - 2*c = -w + 34, 5*c - 149 = -4*w. What is the greatest common factor of x and w?
9
Let w = 502 - -110. What is the highest common factor of 34 and w?
34
Let n = 7 - 10. Let y be (-1)/n + (-5931)/(-27). Calculate the greatest common divisor of y and 40.
20
Let t = -157 - -160. Suppose -3*h + 2 + 31 = t*g, -h - 2*g + 10 = 0. Calculate the highest common factor of 192 and h.
12
Suppose 3*x = -4*w + 120, 48 = 3*x + 5*w - 13*w. What is the greatest common divisor of 172 and x?
4
Let d be (-3)/(((-9)/(-483))/(-1)). Let k = d + -117. What is the highest common divisor of k and 253?
11
Let z(i) = 7*i + 32. Let a be z(14). Suppose -39*v + a = -34*v. Suppose 5*r - 3*x = 139 - 17, r = -x + v. What is the highest common divisor of 5 and r?
5
Let l = -115 + 151. Suppose -2 = m - 7. Suppose -m*d + 2*u = -84, 11 - 44 = -2*d + u. What is the highest common factor of l and d?
18
Suppose 3*l - a = -2*a, -3*l + 4*a = 0. Let s be (8 - 5) + 1 - 13. Let z be (42 - l)*(-3)/s. What is the highest common factor of z and 56?
14
Let p = 5 + -3. Suppose -7*w + 2*w = -2*t - 44, 2*w - 29 = -3*t. Let x = 13 - w. Calculate the greatest common factor of x and p.
1
Let n = -2831 - -2875. Calculate the highest common divisor of n and 2948.
44
Let g(m) = -46*m + 188. Let s be g(4). Let c be s - 2*((-4 - -3) + -388). Calculate the greatest common factor of c and 34.
34
Suppose 125 = 5*u + 5*o, -3*u - 4*o = -4 - 69. Let q be 3 + (-1910)/(-45) - (-40)/(-90). What is the greatest common factor of u and q?
9
Let s(t) = 3*t + 1081 - 529 + 6*t**2 - 537. Let p be s(-4). Calculate the greatest common divisor of 66 and p.
33
Let i(l) = 15*l**3 + 2*l - 1. Let w be i(1). Suppose -2*n + 7 = -89. What is the greatest common divisor of w and n?
16
Let h be (180/(-5))/4*(-8)/18. Suppose t + 27 = 5*p - h*p, 5*p - 141 = 3*t. Calculate the greatest common factor of p and 1470.
30
Let o = -286 - -511. Let n = -23 + 6. Let k = n + 42. Calculate the highest common factor of o and k.
25
Let a(c) = 13*c**3 - 334*c**2 - 37*c + 9. Let b be a(26). What is the greatest common factor of b and 34?
17
Let z = -248 + 227. Let s be z*((-21)/(-9) + -5). Calculate the highest common divisor of 8 and s.
8
Suppose u + 0 = 10. Suppose 2990 = 53*g - 6876 + 998 - 4382. Calculate the highest common factor of u and g.
10
Suppose -37*n + 36*n + 4009 = 2*l, 0 = -4*l + 3*n + 7993. Calculate the highest common factor of 231 and l.
77
Suppose 0 = -o + 3*o - 156. Let c be (-964)/7 + 30/(-105). Let s = c - -164. Calculate the highest common divisor of s and o.
26
Let a(i) = -6*i - 19. Let x be a(-4). Suppose x*y + 0*y - 185 = -5*k, 2*y - 3*k - 89 = 0. Calculate the highest common divisor of y and 50.
10
Suppose o - 4*b = -2*o + 118, -178 = -4*o - 5*b. Calculate the highest common divisor of o and 11256.
42
Let j = 104202 - 104181. Let b(c) = -3*c**3 - 7*c**2 + 3*c + 4. Let d